rt -104b (base 12) to base 11.
-1385
Convert -30110 (base 5) to base 14.
-9a1
Convert 2210321 (base 4) to base 12.
6135
Convert -176 (base 10) to base 15.
-bb
-1523 (base 6) to base 5
-3121
Convert 68 (base 11) to base 16.
4a
Convert 908 (base 12) to base 14.
692
-1a5 (base 11) to base 16
-ec
18365 (base 14) to base 11
41956
What is -9b6 (base 14) in base 11?
-149a
Convert -213 (base 16) to base 12.
-383
Convert 6c3 (base 13) to base 2.
10010010101
115 (base 7) to base 6
141
What is 13cb (base 14) in base 15?
1091
-3230 (base 4) to base 5
-1421
Convert 2a78 (base 15) to base 14.
346d
What is 696 (base 11) in base 2?
1100111111
What is 2104 (base 11) in base 16?
ae3
What is 5545 (base 10) in base 3?
21121101
111110011000111 (base 2) to base 11
21aaa
What is -165033 (base 7) in base 10?
-32952
326 (base 10) to base 8
506
What is 430 (base 14) in base 4?
30322
Convert 6c10 (base 14) to base 4.
10212032
What is -130332 (base 4) in base 10?
-1854
What is 20010 (base 3) in base 14?
bb
What is 55 (base 6) in base 9?
38
Convert -4532 (base 6) to base 10.
-1064
Convert 30614 (base 7) to base 14.
2a44
-4233332 (base 5) to base 15
-160e7
Convert 1075 (base 9) to base 4.
30131
Convert 121b7 (base 13) to base 4.
20013322
What is 118 (base 16) in base 5?
2110
Convert 11011100 (base 2) to base 13.
13c
Convert 1101011011101000 (base 2) to base 7.
316253
Convert 11 (base 12) to base 10.
13
-107764 (base 8) to base 4
-20333310
Convert 301413 (base 7) to base 13.
1a27a
3346 (base 10) to base 8
6422
What is -52 (base 16) in base 10?
-82
Convert -2a4 (base 15) to base 10.
-604
-30845 (base 11) to base 14
-12540
-9c (base 15) to base 3
-12110
Convert 301b (base 14) to base 16.
2041
Convert 2bc (base 16) to base 8.
1274
What is 3566 (base 7) in base 6?
10042
-1665 (base 9) to base 15
-59e
Convert -402 (base 8) to base 11.
-215
What is -311103 (base 4) in base 10?
-3411
-131422 (base 5) to base 7
-21161
What is -100110001001 (base 2) in base 8?
-4611
What is -34553 (base 10) in base 2?
-1000011011111001
Convert 250b (base 15) to base 3.
101211002
What is -334 (base 10) in base 15?
-174
What is 20331 (base 4) in base 11?
481
What is -16516 (base 9) in base 4?
-2301123
12041 (base 6) to base 15
7bd
What is d65 (base 15) in base 11?
22a6
What is -2897 (base 10) in base 9?
-3868
6526 (base 14) to base 8
42106
Convert -111111010 (base 2) to base 7.
-1322
What is -460b (base 13) in base 10?
-9813
What is -3cc8 (base 14) in base 11?
-80a2
What is -110111000010 (base 2) in base 11?
-2712
What is 1472 (base 10) in base 12?
a28
-1000100010 (base 2) to base 6
-2310
What is -7d (base 15) in base 12?
-9a
Convert 661a (base 15) to base 10.
21625
What is 5b07 (base 14) in base 3?
210210021
What is -6135 (base 8) in base 16?
-c5d
17b16 (base 13) to base 15
d898
What is -274 (base 15) in base 7?
-1426
What is 546d (base 16) in base 5?
1142423
Convert -132231 (base 4) to base 6.
-13033
Convert 1221011 (base 3) to base 14.
728
What is 472 (base 13) in base 12?
541
-122010 (base 3) to base 4
-13032
What is 37a (base 15) in base 13?
48a
Convert 1435 (base 14) to base 10.
3575
What is 1010000011 (base 2) in base 14?
33d
What is 746 (base 11) in base 12?
629
Convert b46c (base 13) to base 2.
110000101100101
Convert 19923 (base 10) to base 3.
1000022220
What is 70e (base 16) in base 15?
806
Convert 7621 (base 15) to base 7.
132622
What is 11440 (base 5) in base 14?
462
Convert -5131 (base 9) to base 2.
-111010101010
6215 (base 16) to base 2
110001000010101
What is 213541 (base 6) in base 15?
53a1
Convert -10130 (base 6) to base 9.
-1760
1351 (base 13) to base 3
10210121
-1d22 (base 15) to base 10
-6332
Convert 2a67 (base 12) to base 15.
171a
Convert 4a7 (base 11) to base 12.
421
Convert -23522 (base 6) to base 2.
-110101101010
220001 (base 3) to base 6
3001
4010 (base 8) to base 5
31211
What is 4197 (base 14) in base 3?
120111201
Convert -1ba (base 14) to base 6.
-1400
-202 (base 9) to base 4
-2210
61 (base 10) to base 8
75
Convert 5fe (base 16) to base 15.
6c4
1363 (base 9) to base 7
3000
What is -120030 (base 4) in base 8?
-3014
Convert 43047 (base 10) to base 2.
1010100000100111
Convert -4948 (base 10) to base 2.
-1001101010100
Convert 1303 (base 7) to base 3.
200021
-20032 (base 4) to base 7
-1351
Convert -1555 (base 7) to base 6.
-2524
Convert 5446 (base 13) to base 12.
6947
-21122 (base 8) to base 13
-3ccb
What is -7611 (base 9) in base 8?
-12737
What is -27 (base 16) in base 4?
-213
1724 (base 11) to base 9
3018
Convert 1065 (base 8) to base 6.
2341
Convert 40e (base 16) to base 2.
10000001110
Convert -1b5 (base 15) to base 6.
-1455
What is 646 (base 8) in base 16?
1a6
What is 1111402 (base 5) in base 6?
230430
Convert a97 (base 16) to base 12.
169b
What is -100110110001 (base 2) in base 3?
-10101220
222102 (base 3) to base 4
23021
Convert -7241 (base 8) to base 7.
-13630
-443 (base 15) to base 8
-1703
-1200000 (base 3) to base 7
-3354
19005 (base 12) to base 2
1000110111000101
Convert 3003 (base 4) to base 5.
1240
11120022 (base 3) to base 16
d01
105455 (base 7) to base 13
86cc
What is 1000101111 (base 2) in base 9?
681
What is 11000100111 (base 2) in base 14?
807
Convert -30313 (base 7) to base 6.
-54024
What is 33045 (base 7) in base 13?
39ba
What is -6291 (base 16) in base 9?
-37546
23765 (base 11) to base 13
12743
Convert 110742 (base 8) to base 6.
444522
Convert 12b1 (base 16) to base 13.
2241
Convert -11ed (base 16) to base 10.
-4589
Convert -2310023 (base 4) to base 11.
-8733
What is 5658 (base 9) in base 5?
113214
Convert -1613 (base 9) to base 4.
-103023
What is -4ae7 (base 15) in base 12?
-92a7
-2031 (base 12) to base 2
-110110100101
What is -557a (base 14) in base 13?
-6981
-5067 (base 14) to base 15
-415b
6 (base 10) to base 11
6
What is -748 (base 9) in base 4?
-21203
Convert 323 (base 6) to base 12.
a3
What is 17986 (base 10) in base 3?
220200011
What is -960 (base 15) in base 8?
-4103
What is 11001110111 (base 2) in base 3?
2021022
Convert 11101 (base 3) to base 5.
433
100111000010111 (base 2) to base 9
30372
56202 (base 7) to base 5
423123
Convert -2505a (base 11) to base 15.
-aa02
What is -bba (base 13) in base 12?
-11b8
-b6b (base 12) to base 11
-1286
What is 122211002 (base 3) in base 5?
403424
1b6 (base 13) to base 6
1250
Convert -41231 (base 5) to base 11.
-2027
What is -4151 (base 8) in base 7?
-6164
1532 (base 6) to base 10
416
What is -137 (base 15) in base 16?
-115
Convert 12220 (base 4) to base 5.
3144
-3133 (base 5) to base 7
-1135
Convert 101101000 (base 2) to base 3.
111100
11376 (base 15) to base 3
2210011010
What is -8de (base 16) in base 2?
-100011011110
Convert -130551 (base 7) to base 11.
-17283
Convert 22100 (base 6) to base 2.
101111110100
What is -100101001010000 (base 2) in base 7?
-106315
Convert b2 (base 15) to base 13.
cb
12014 (base 6) to base 8
3312
What is 14536 (base 8) in base 10?
6494
What is 14255 (base 6) in base 13?
1055
Convert -a79 (base 11) to base 3.
-1210000
-147f (base 16) to base 3
-21012100
312013 (base 4) to base 14
1395
What is a0 (base 15) in base 5?
1100
2002 (base 5) to base 7
510
Convert 9942 (base 11) to base 9.
18881
Convert 231 (base 5) to base 4.
1002
-1949 (base 12) to base 3
-11020010
What is 14721 (base 8) in base 2?
1100111010001
a1e (base 15) to base 11
1792
22137 (base 10) to base 15
685c
1532 (base 11) to base 2
11110110011
What is -4944 (base 12) in base 2?
-10000001000100
Convert -5b (base 13) to base 2.
-1001100
What is 3da9 (base 14) in base 16?
2ab1
Convert -5154 (base 6) to base 10.
-1150
-13624 (base 9) to base 4
-2100220
Convert 101100010 (base 2) to base 5.
2404
What is -2051 (base 6) in base 5?
-3323
What is b1c (base 13) in base 6?
12420
Convert -47d (base 16) to base 6.
-5153
Convert -3033 (base 5) to base 9.
-476
-220754 (base 8) to base 3
-10202210220
-4623 (base 9) to base 10
-3423
What is -10a (base 13) in base 14?
-cb
1221100 (base 3) to base 2
10110000101
Convert 101101001011111 (base 2) to base 10.
23135
-3646 (base 8) to base 14
-9dc
22143 (base 6) to base 8
6017
-25b (base 16) to base 13
-375
Convert 13103 (base 4) to base 8.
723
What is -16205 (base 7) in base 9?
-6228
Convert b53 (base 16) to base 8.
5523
Convert 1110111 (base 2) to base 13.
92
What is 49 (base 14) in base 10?
65
C